 -b**2 - 3*b - 3. Calculate k(-1).
-1
Let v(r) = 3*r**2 + 7*r + 13. Calculate v(-5).
53
Let i(m) = m**2 + 7*m + 19. Determine i(-7).
19
Let j(p) = 8*p + 2. Determine j(-3).
-22
Let o(g) = -35*g + 12. Determine o(1).
-23
Let d(j) = j**2 - 3*j - 8. Calculate d(-4).
20
Let f(v) = v**3 + 7*v**2 + 2*v + 1. Determine f(-6).
25
Let w(z) = z**3 - 6*z**2 + 5*z - 7. Give w(5).
-7
Let a(t) = -2*t**2 + 7*t - 14. Give a(3).
-11
Let h(w) = 29*w - 150. Give h(5).
-5
Let f(l) = -6*l**2 - 6*l - 4. What is f(-4)?
-76
Let r(j) = 2*j**2 - 45*j - 126. Give r(25).
-1
Let x(b) = b**3 + 2*b**2 - 4*b + 1. Determine x(-4).
-15
Let q(p) = 8*p - 54. Determine q(6).
-6
Let i(j) = -12*j**2 - 7*j + 7. Calculate i(1).
-12
Let f(l) = 5*l**2 - 80*l - 1. Calculate f(16).
-1
Let m(w) = -w**3 + 19*w**2 - 3*w + 40. What is m(19)?
-17
Let h(z) = -z**3 + 7*z**2 - 26. What is h(6)?
10
Let w(z) = 2*z**2 - 11*z - 39. Calculate w(8).
1
Let s(i) = -i**3 + 14*i**2 + 12*i + 49. Calculate s(15).
4
Let p(s) = s**2 - 11*s - 4. Calculate p(10).
-14
Let o(i) = -5*i + 15. Calculate o(6).
-15
Let c(v) = v**3 + 7*v**2 + 11*v + 10. Give c(-3).
13
Let s(l) = 7*l**3 - 4*l**2 + 3*l - 1. Determine s(2).
45
Let r(b) = b**3 + 49*b**2 - 103*b - 52. Determine r(-51).
-1
Let c(g) = 3*g - 15. Calculate c(7).
6
Let f(u) = -u**2 + 52*u - 629. What is f(19)?
-2
Let a(l) = 5*l**2 + 1. Determine a(3).
46
Let a(n) = -22*n + 263. Calculate a(11).
21
Let x(v) = v**2 - 5*v - 20. What is x(7)?
-6
Let z(s) = 3*s**2 - 41*s + 65. Calculate z(12).
5
Let m(a) = 7*a + 13. Calculate m(-9).
-50
Let j(u) = u**2 + 4*u + 9. What is j(-4)?
9
Let p(v) = -2*v**3 - 4*v**2 - 3*v - 9. Determine p(-2).
-3
Let w(d) = 48*d + 8. What is w(-5)?
-232
Let c(b) = -6*b**2 - 8*b - 7. Calculate c(-1).
-5
Let d(f) = 5*f**2 - 2*f + 5. What is d(0)?
5
Let i(h) = 6*h + 7. Give i(-3).
-11
Let f(p) = p**2 + 16*p + 3. Give f(0).
3
Let p(g) = -g**3 - 15*g**2 + 22. What is p(-15)?
22
Let n(v) = 30*v - 327. What is n(11)?
3
Let u(v) = 8*v + 11. Determine u(0).
11
Let g(t) = t**2 + 21*t + 37. Give g(-19).
-1
Let p(x) = -27*x + 695. What is p(26)?
-7
Let v(f) = 2*f**2 + 33*f + 97. Calculate v(-13).
6
Let u(z) = z**3 + z**2 - 3*z + 3. Calculate u(-3).
-6
Let s(f) = -176*f + 1056. Determine s(6).
0
Let s(h) = -h**2 + 21*h + 48. Calculate s(23).
2
Let q(d) = 3*d**2 + 5*d + 6. Give q(-1).
4
Let x(o) = -3*o - 36. Give x(-16).
12
Let n(o) = 27*o - 3. Calculate n(-3).
-84
Let v(t) = t**3 - 18*t**2 + 29*t + 15. What is v(16)?
-33
Let m(t) = -t**3 - 5*t**2 - 6*t - 5. Determine m(-4).
3
Let z(c) = c + 16. What is z(-16)?
0
Let r(j) = -6*j - 107. Determine r(-18).
1
Let r(j) = -j**3 + 4*j**2 + 7*j + 5. Calculate r(-2).
15
Let j(b) = -b**2 + 43*b - 449. Give j(19).
7
Let x(d) = 7*d - 4. Determine x(-3).
-25
Let q(s) = 13*s + 9. Determine q(-5).
-56
Let c(s) = s**2 - 4*s - 7. Give c(6).
5
Let f(h) = h**3 + 7*h**2 - 4*h + 27. Calculate f(-8).
-5
Let k(d) = -12*d - 2. Determine k(-3).
34
Let a(d) = d**2 - 6*d - 3. Give a(-5).
52
Let g(x) = 2*x**2 + 2*x - 7. Calculate g(2).
5
Let r(f) = f**2 - 2*f - 46. Determine r(-4).
-22
Let t(k) = -k**2 + 14*k - 19. Determine t(6).
29
Let h(j) = 6*j - 2. Calculate h(1).
4
Let n(b) = b - 3. What is n(-4)?
-7
Let d(b) = -3*b + 19. Give d(5).
4
Let d(u) = 13*u**3 - 2*u**2 + 2*u - 1. Calculate d(1).
12
Let r(u) = u - 10. Give r(0).
-10
Let f(z) = -2*z**2 - 21*z - 5. Determine f(-9).
22
Let s(q) = 3*q + 19. What is s(-5)?
4
Let t(r) = -r**3 + 40*r**2 - 2*r + 56. Determine t(40).
-24
Let r(k) = -k**3 - 7*k**2 + k + 3. Determine r(-7).
-4
Let z(y) = y**2 + 9*y + 15. Calculate z(-6).
-3
Let w(n) = n**2 + 17*n - 29. Give w(-19).
9
Let l(j) = -3*j + 15. Determine l(6).
-3
Let k(b) = -2*b**2 - 59*b + 26. What is k(-30)?
-4
Let s(f) = -19*f. What is s(-1)?
19
Let b(n) = 9*n - 54. What is b(5)?
-9
Let g(t) = -3*t + 12. Give g(3).
3
Let d(z) = -2*z**3 + 7*z**2 - 6*z + 37. Determine d(4).
-3
Let y(j) = -j**2 + 20*j - 25. Determine y(10).
75
Let z(t) = t**2 + 9*t. Give z(-9).
0
Let v(w) = -4*w + 2. Determine v(-1).
6
Let n(x) = -x**2 - 10*x - 16. Give n(-7).
5
Let k(r) = 25*r**2 + 220*r - 40. Give k(-9).
5
Let g(z) = -z**3 + 7*z**2 - 2*z - 18. Give g(6).
6
Let l(h) = -2*h**2 - 27*h + 4. What is l(-13)?
17
Let r(k) = 12*k - 5. Calculate r(-5).
-65
Let s(q) = 12*q - 1. Give s(-4).
-49
Let a(q) = -q**2 - 4*q - 2. Give a(-3).
1
Let w(n) = n**2 + 11*n + 5. Calculate w(-11).
5
Let z(y) = -6*y + 3. What is z(4)?
-21
Let i(h) = -175*h + 1407. What is i(8)?
7
Let i(u) = -7*u**3 + 5*u**2 + 3*u - 1. Determine i(-1).
8
Let j(a) = a**3 + 12*a**2 + 11*a + 13. What is j(-11)?
13
Let b(q) = q**3 + 6*q**2 + 4*q - 4. What is b(-7)?
-81
Let t(y) = y**2 - 5*y + 21. Give t(5).
21
Let z(l) = -l**3 + 41*l**2 - 40*l. Give z(40).
0
Let v(z) = z**3 + 41*z**2 + 42*z + 88. What is v(-40)?
8
Let u(t) = -t**3 - 13*t**2 + 3*t + 12. Give u(-13).
-27
Let x(w) = -w**3 + 9*w**2 - w + 7. Determine x(10).
-103
Let o(i) = 4*i - 15. Give o(10).
25
Let c(o) = o**3 + 8*o**2 - o + 7. Give c(-8).
15
Let d(i) = i**2 - 12*i - 15. Calculate d(13).
-2
Let i(r) = -r**2 + 11*r + 13. Calculate i(9).
31
Let a(m) = m**2 + 3*m - 4. Determine a(3).
14
Let k(n) = n - 4. Determine k(7).
3
Let n(k) = -k**2 + 3*k + 203. What is n(-12)?
23
Let p(v) = -v**2 - 11*v - 12. Determine p(-11).
-12
Let b(l) = -3*l**2 - 59*l - 142. Calculate b(-17).
-6
Let t(y) = y**2 + 22*y + 3. Determine t(-22).
3
Let h(f) = f**2 + 14*f + 16. What is h(-12)?
-8
Let t(f) = -f**2 - 12*f - 4. Determine t(-10).
16
Let l(g) = -g**3 - 10*g**2 - 19*g - 20. Give l(-8).
4
Let t(c) = -4*c - 54. Calculate t(0).
-54
Let u(a) = 2*a - 30. What is u(7)?
-16
Let g(y) = y**2 + 8*y. Calculate g(-7).
-7
Let w(x) = 75*x + 284. Determine w(-4).
-16
Let l(m) = -3*m**2 - 15*m - 14. Give l(-4).
-2
Let t(w) = 2*w**2 - 8*w - 3. Calculate t(-3).
39
Let l(t) = -t**3 + 19*t**2 + 21*t - 20. Determine l(20).
0
Let m(s) = 2*s + 10. Give m(-7).
-4
Let b(t) = -t**3 - 2*t**2 - 4*t - 2. Calculate b(-4).
46
Let c(v) = -v + 3. Determine c(1).
2
Let s(d) = -d**2 - d + 5. Calculate s(-5).
-15
Let f(o) = o - 4. Give f(9).
5
Let i(d) = -2*d**3 + d**2 + d + 2. Calculate i(2).
-8
Let q(a) = a**3 - a**2 + 20. Determine q(0).
20
Let t(z) = -3*z - 19. Calculate t(-1).
-16
Let v(i) = -6*i + 5. Determine v(-4).
29
Let w(t) = -8*t + 41. Determine w(-4).
73
Let p(t) = -9*t - 8. What is p(3)?
-35
Let k(t) = -t**2 + 20*t + 38. Determine k(22).
-6
Let p(h) = h**3 + 19*h**2 - 2*h - 38. Give p(-19).
0
Let m(g) = 2*g + 5. Determine m(5).
15
Let u(j) = -94*j**2 + 1. Calculate u(1).
-93
Let h(l) = 40*l - 52. What is h(2)?
28
Let g(b) = b**2 + 6*b + 4. Determine g(-7).
11
Let o(i) = -3*i. Calculate o(-5).
15
Let h(y) = y**2 + 1. What is h(2)?
5
Let c(y) = -12*y**2 + 4. Determine c(1).
-8
Let b(a) = a**3 - 5*a**2 - 3*a + 4. What is b(-3)?
-59
Let o(w) = -2*w + 35. Calculate o(7).
21
Let t(o) = o**2 - o - 1. Determine t(5).
19
Let n(d) = -23*d**2 - 4*d. Determine n(-1).
-19
Let q(d) = -22*d**2 + 5*d + 3. Calculate q(-2).
-95
Let y(w) = w**3 + 3*w**2 - 5*w + 4. Determine y(-5).
-21
Let g(o) = -o**2 - 3*o - 3. Calculate g(-3).
-3
Let i(t) = -t**2 - 67. Calculate i(0).
-67
Let v(q) = -q**3 - 7*q**2 + 9*q + 28. Give v(-8).
20
Let j(b) = b**2 + 10*b - 12. Calculate j(-11).
-1
Let k(b) = -b**3 + 12*b**2 + b - 17. Give k(12).
-5
Let r(y) = -5*y**2 + 36*y - 8. Determine r(7).
-1
Let w(g) = g**2 + 9*g + 11. Give w(-5).
-9
Let m(q) = q**3 + 9*q**2 + 3*q + 20. Give m(-9).
-7
Let v(j) = 6*j - 58. Calculate v(17).
44
Let g(v) = -2*v**2 + 3. What is g(3)?
-15
Let g(v) = -v + 35. Determine g(15).
20
Let u(y) = -4*y + 37. What is u(6)?
13
Let v(k) = 11*k + 210. What is v(-19)?
1
Let k(a) = -a + 23. Determine k(8).
15
Let a(m) = m**3 - m**2 + 4*m - 4. What is a(2)?
8
Let l(m) = m**3 + 5*m**2 + 8*m + 9. Give l(-4).
-7
Let s(f) = 22*f**2 - 6*f + 3. Determine s(1).
19
Let u(g) = -3*g**2 + 79*g - 24. Give u(26).
2
Let p(s) = 2*s + 12. Give p(8).
28
Let n(b) = b**2 - 8. Determine n(-3).
1
Let j(y) = -y**2 + 3*y - 3. Determine j(-2).
-13
Let g(v) = -v**3 + 3*v**2 - v - 6. Determine g(3).
-9
Let x(r) = r**2 - 17*r + 67. Calculate x(13).
15
Let r(f) = 3*f**2 + 3*f - 2. What is r(2)?
16
Let h(s) = 2*s**2 + 22*s + 24. Give h(-10).
4
Let i(w) = -w**2 + 3*w + 14. Determine i(6).
-4
Let g(q) = q**2 + 6*q + 13. Determi